240443241?
4
What is the thousands digit of 1913741?
3
What is the tens digit of 83150100?
0
What is the hundred thousands digit of 7729170?
7
What is the ten thousands digit of 558577675?
7
What is the millions digit of 1691428928?
1
What is the hundred millions digit of 207006186?
2
What is the hundred thousands digit of 27786180?
7
What is the units digit of 68757067?
7
What is the ten millions digit of 45394477?
4
What is the ten thousands digit of 556596162?
9
What is the thousands digit of 76718769?
8
What is the thousands digit of 404161728?
1
What is the ten millions digit of 10536615?
1
What is the hundred thousands digit of 26863304?
8
What is the ten millions digit of 975406114?
7
What is the millions digit of 1783424480?
3
What is the thousands digit of 689960078?
0
What is the hundreds digit of 964952506?
5
What is the millions digit of 5039117691?
9
What is the units digit of 32524740?
0
What is the hundred thousands digit of 208008574?
0
What is the units digit of 94398935?
5
What is the millions digit of 375370550?
5
What is the millions digit of 57882851?
7
What is the hundreds digit of 147132008?
0
What is the hundred thousands digit of 2721486449?
4
What is the tens digit of 1013992214?
1
What is the ten thousands digit of 1601576814?
7
What is the ten millions digit of 431128942?
3
What is the hundred millions digit of 702041473?
7
What is the hundred thousands digit of 697231515?
2
What is the millions digit of 310874237?
0
What is the millions digit of 1379901?
1
What is the thousands digit of 85333731?
3
What is the hundreds digit of 1211452858?
8
What is the hundreds digit of 267642480?
4
What is the hundred thousands digit of 23962161?
9
What is the thousands digit of 123148211?
8
What is the units digit of 100056870?
0
What is the hundred thousands digit of 164902471?
9
What is the millions digit of 86514138?
6
What is the millions digit of 2525172269?
5
What is the hundreds digit of 16290437?
4
What is the thousands digit of 2236179040?
9
What is the thousands digit of 947320398?
0
What is the tens digit of 8153631232?
3
What is the units digit of 1044558950?
0
What is the tens digit of 116506786?
8
What is the units digit of 542022389?
9
What is the hundred millions digit of 210099285?
2
What is the tens digit of 414601785?
8
What is the thousands digit of 387721246?
1
What is the hundred thousands digit of 331356012?
3
What is the hundreds digit of 380809097?
0
What is the units digit of 3317067619?
9
What is the units digit of 213557046?
6
What is the millions digit of 3070440?
3
What is the ten millions digit of 5015970265?
1
What is the ten thousands digit of 6740029438?
2
What is the ten millions digit of 5720103456?
2
What is the hundred thousands digit of 79843395?
8
What is the hundreds digit of 15607011?
0
What is the thousands digit of 11485513?
5
What is the hundreds digit of 943837299?
2
What is the ten millions digit of 124025094?
2
What is the units digit of 42570029?
9
What is the hundred millions digit of 107041847?
1
What is the hundreds digit of 42066848?
8
What is the ten thousands digit of 182127045?
2
What is the millions digit of 356743900?
6
What is the millions digit of 4984295360?
4
What is the ten thousands digit of 39650258?
5
What is the hundred thousands digit of 967709858?
7
What is the hundred thousands digit of 166471912?
4
What is the ten thousands digit of 485179959?
7
What is the ten millions digit of 311481072?
1
What is the ten thousands digit of 912173277?
7
What is the tens digit of 528379138?
3
What is the thousands digit of 68845428?
5
What is the thousands digit of 171003570?
3
What is the millions digit of 552174144?
2
What is the ten thousands digit of 1040937134?
3
What is the tens digit of 423176783?
8
What is the ten thousands digit of 1584944709?
4
What is the ten thousands digit of 641183076?
8
What is the ten thousands digit of 5732172875?
7
What is the units digit of 6471680004?
4
What is the hundred thousands digit of 34878640?
8
What is the ten millions digit of 2069301282?
6
What is the hundred millions digit of 143722668?
1
What is the ten thousands digit of 168052684?
5
What is the ten millions digit of 1920058191?
2
What is the hundred thousands digit of 9164689?
1
What is the millions digit of 312984753?
2
What is the units digit of 180655858?
8
What is the millions digit of 421728462?
1
What is the thousands digit of 4003320158?
0
What is the hundred millions digit of 119934410?
1
What is the tens digit of 54320404?
0
What is the millions digit of 355535973?
5
What is the ten millions digit of 75980939?
7
What is the thousands digit of 1337909731?
9
What is the ten millions digit of 891222203?
9
What is the hundred millions digit of 4050373646?
0
What is the hundreds digit of 164834708?
7
What is the millions digit of 798839878?
8
What is the thousands digit of 36674331?
4
What is the tens digit of 1101341712?
1
What is the thousands digit of 390385661?
5
What is the hundred thousands digit of 29061172?
0
What is the units digit of 24898350?
0
What is the ten thousands digit of 186933025?
3
What is the millions digit of 175741787?
5
What is the thousands digit of 50120275?
0
What is the tens digit of 2911747678?
7
What is the millions digit of 666617187?
6
What is the ten thousands digit of 25518764?
1
What is the hundred thousands digit of 1414233172?
2
What is the millions digit of 638240716?
8
What is the ten millions digit of 93211497?
9
What is the ten millions digit of 185891100?
8
What is the ten thousands digit of 81122479?
2
What is the millions digit of 55921334?
5
What is the units digit of 68214896?
6
What is the ten thousands digit of 194050338?
5
What is the ten thousands digit of 14302364?
0
What is the units digit of 10905737?
7
What is the hundred thousands digit of 1540620070?
6
What is the tens digit of 42696510?
1
What is the tens digit of 257391416?
1
What is the ten millions digit of 155623547?
5
What is the hundred thousands digit of 3540072339?
0
What is the billions digit of 5773514281?
5
What is the millions digit of 821653141?
1
What is the ten millions digit of 1261357024?
6
What is the ten millions digit of 443929133?
4
What is the tens digit of 190434178?
7
What is the thousands digit of 1043661732?
1
What is the units digit of 54711057?
7
What is the units digit of 16988686?
6
What is the hundred millions digit of 238911376?
2
What is the ten thousands digit of 1266993727?
9
What is the millions digit of 154799613?
4
What is the thousands digit of 69376597?
6
What is the hundreds digit of 53016223?
2
What is the thousands digit of 82010770?
0
What is the units digit of 105737131?
1
What is the hundred millions digit of 257586884?
2
What is the ten thousands digit of 48731226?
3
What is the hundreds digit of 101486178?
1
What is the hundred thousands digit of 368515645?
5
What is the hundred thousands digit of 1888623880?
6
What is the hundred thousands digit of 46703511?
7
What is the tens digit of 105836735?
3
What is the ten thousands digit of 269576987?
7
What is the tens digit of 43328802?
0
What is the millions digit of 31228595?
1
What is the millions digit of 62019246?
2
What is the millions digit of 578291838?
8
What is the hundred millions digit of 2746574083?
7
What is the ten millions digit of 143897727?
4
What is the units digit of 410105492?
2
What is the thousands digit of 579541781?
1
What is the thousands digit of 205612284?
2
What is the millions digit of 1096730337?
6
What is the hundred thousands digit of 123536064?
5
What is the millions digit of 5289915734?
9
What is the ten millions digit of 124936079?
2
What is the ten millions digit of 62663340?
6
What is the thousands digit of 15089253?
9
What is the thousands digit of 478105223?
5
What is the hundred thousands digit of 58110473?
1
What is the ten millions digit of 90758394?
9
What is the millions digit of 167707761?
7
What is the units digit of 121093709?
9
What is the ten millions digit of 110732894?
1
What is the hundred millions digit of 344378533?
3
What is the millions digit of 46796642?
6
What is the tens digit of 123197936?
3
What is the ten millions digit of 896596034?
9
What is the ten thousands digit of 21768773?
6
What is the ten millio